3, 53
What are the prime factors of 3583?
3583
What are the prime factors of 10019?
43, 233
List the prime factors of 40985.
5, 7, 1171
What are the prime factors of 7387?
83, 89
What are the prime factors of 34502?
2, 13, 1327
What are the prime factors of 29697?
3, 19, 521
What are the prime factors of 150?
2, 3, 5
What are the prime factors of 3635?
5, 727
What are the prime factors of 108814?
2, 41, 1327
List the prime factors of 1381.
1381
What are the prime factors of 9331?
7, 31, 43
What are the prime factors of 1538?
2, 769
What are the prime factors of 14907?
3, 4969
List the prime factors of 3490.
2, 5, 349
What are the prime factors of 5791?
5791
What are the prime factors of 6781?
6781
List the prime factors of 423.
3, 47
What are the prime factors of 5658?
2, 3, 23, 41
List the prime factors of 5006.
2, 2503
What are the prime factors of 788?
2, 197
What are the prime factors of 308?
2, 7, 11
What are the prime factors of 314?
2, 157
List the prime factors of 3708.
2, 3, 103
What are the prime factors of 27?
3
List the prime factors of 2593.
2593
What are the prime factors of 56851?
139, 409
What are the prime factors of 2005?
5, 401
What are the prime factors of 2754?
2, 3, 17
What are the prime factors of 3411?
3, 379
What are the prime factors of 18937?
29, 653
List the prime factors of 4655.
5, 7, 19
What are the prime factors of 5591?
5591
What are the prime factors of 36356?
2, 61, 149
List the prime factors of 41315.
5, 8263
List the prime factors of 30310.
2, 5, 7, 433
List the prime factors of 17521.
7, 2503
What are the prime factors of 25590?
2, 3, 5, 853
What are the prime factors of 2438?
2, 23, 53
What are the prime factors of 6576?
2, 3, 137
What are the prime factors of 3956?
2, 23, 43
List the prime factors of 18645.
3, 5, 11, 113
What are the prime factors of 9708?
2, 3, 809
What are the prime factors of 3665?
5, 733
List the prime factors of 85198.
2, 41, 1039
List the prime factors of 7936.
2, 31
List the prime factors of 34998.
2, 3, 19, 307
List the prime factors of 21769.
11, 1979
What are the prime factors of 184620?
2, 3, 5, 17, 181
List the prime factors of 15101.
15101
What are the prime factors of 1052?
2, 263
List the prime factors of 391.
17, 23
List the prime factors of 958.
2, 479
What are the prime factors of 88461?
3, 9829
What are the prime factors of 604?
2, 151
What are the prime factors of 12685?
5, 43, 59
What are the prime factors of 2772?
2, 3, 7, 11
What are the prime factors of 3064?
2, 383
What are the prime factors of 43760?
2, 5, 547
What are the prime factors of 12101?
12101
List the prime factors of 37.
37
List the prime factors of 3811.
37, 103
What are the prime factors of 26456?
2, 3307
What are the prime factors of 125076?
2, 3, 7, 1489
List the prime factors of 3531.
3, 11, 107
List the prime factors of 10660.
2, 5, 13, 41
What are the prime factors of 1480?
2, 5, 37
List the prime factors of 5189.
5189
List the prime factors of 24474.
2, 3, 4079
What are the prime factors of 19121?
19121
What are the prime factors of 28004?
2, 7001
What are the prime factors of 997?
997
List the prime factors of 5838.
2, 3, 7, 139
List the prime factors of 4546.
2, 2273
List the prime factors of 2828.
2, 7, 101
List the prime factors of 1204.
2, 7, 43
What are the prime factors of 5425?
5, 7, 31
List the prime factors of 1835.
5, 367
List the prime factors of 9758.
2, 7, 17, 41
List the prime factors of 35940.
2, 3, 5, 599
What are the prime factors of 82489?
11, 7499
What are the prime factors of 1482?
2, 3, 13, 19
What are the prime factors of 127251?
3, 1571
List the prime factors of 1905.
3, 5, 127
What are the prime factors of 3751?
11, 31
What are the prime factors of 36573?
3, 73, 167
What are the prime factors of 31805?
5, 6361
List the prime factors of 54835.
5, 11, 997
What are the prime factors of 1757?
7, 251
List the prime factors of 3761.
3761
List the prime factors of 694.
2, 347
What are the prime factors of 371?
7, 53
What are the prime factors of 1052?
2, 263
List the prime factors of 50056.
2, 6257
What are the prime factors of 3524?
2, 881
What are the prime factors of 1533?
3, 7, 73
What are the prime factors of 21542?
2, 10771
List the prime factors of 488.
2, 61
List the prime factors of 707.
7, 101
What are the prime factors of 7867?
7867
What are the prime factors of 6539?
13, 503
List the prime factors of 3377.
11, 307
What are the prime factors of 2019?
3, 673
What are the prime factors of 50977?
19, 2683
List the prime factors of 2232.
2, 3, 31
List the prime factors of 59322.
2, 3, 9887
List the prime factors of 28317.
3, 9439
List the prime factors of 8257.
23, 359
List the prime factors of 10336.
2, 17, 19
List the prime factors of 13172.
2, 37, 89
What are the prime factors of 417?
3, 139
List the prime factors of 2320.
2, 5, 29
What are the prime factors of 3175?
5, 127
List the prime factors of 4015.
5, 11, 73
What are the prime factors of 16548?
2, 3, 7, 197
List the prime factors of 489.
3, 163
What are the prime factors of 2887?
2887
List the prime factors of 22182.
2, 3, 3697
List the prime factors of 78068.
2, 29, 673
List the prime factors of 35.
5, 7
What are the prime factors of 887?
887
What are the prime factors of 93866?
2, 46933
List the prime factors of 9915.
3, 5, 661
What are the prime factors of 8405?
5, 41
List the prime factors of 6436.
2, 1609
List the prime factors of 45323.
61, 743
What are the prime factors of 4415?
5, 883
List the prime factors of 645.
3, 5, 43
What are the prime factors of 25859?
19, 1361
List the prime factors of 3183.
3, 1061
List the prime factors of 11642.
2, 5821
What are the prime factors of 14488?
2, 1811
What are the prime factors of 15813?
3, 7, 251
List the prime factors of 102915.
3, 5, 2287
List the prime factors of 1268.
2, 317
List the prime factors of 938.
2, 7, 67
List the prime factors of 10678.
2, 19, 281
List the prime factors of 15386.
2, 7, 157
List the prime factors of 2287.
2287
List the prime factors of 4417.
7, 631
List the prime factors of 1561.
7, 223
What are the prime factors of 11188?
2, 2797
What are the prime factors of 63462?
2, 3, 7, 1511
What are the prime factors of 2844?
2, 3, 79
List the prime factors of 32856.
2, 3, 37
List the prime factors of 5068.
2, 7, 181
List the prime factors of 3342.
2, 3, 557
What are the prime factors of 22626?
2, 3, 419
List the prime factors of 86754.
2, 3, 19, 761
What are the prime factors of 35622?
2, 3, 1979
List the prime factors of 5544.
2, 3, 7, 11
What are the prime factors of 27222?
2, 3, 13, 349
List the prime factors of 197837.
197837
List the prime factors of 24645.
3, 5, 31, 53
List the prime factors of 3892.
2, 7, 139
List the prime factors of 13871.
11, 13, 97
What are the prime factors of 6230?
2, 5, 7, 89
List the prime factors of 362.
2, 181
List the prime factors of 22463.
7, 3209
List the prime factors of 781.
11, 71
What are the prime factors of 8079?
3, 2693
What are the prime factors of 36085?
5, 7, 1031
What are the prime factors of 42861?
3, 7, 13, 157
List the prime factors of 51249.
3, 11, 1553
What are the prime factors of 26?
2, 13
What are the prime factors of 15996?
2, 3, 31, 43
What are the prime factors of 14087?
14087
What are the prime factors of 12430?
2, 5, 11, 113
What are the prime factors of 7797?
3, 23, 113
List the prime factors of 28281.
3, 11, 857
What are the prime factors of 891?
3, 11
What are the prime factors of 40645?
5, 11, 739
What are the prime factors of 83733?
3, 13, 19, 113
What are the prime factors of 2516?
2, 17, 37
List the prime factors of 45314.
2, 139, 163
List the prime factors of 3946.
2, 1973
List the prime factors of 33220.
2, 5, 11, 151
List the prime factors of 3062.
2, 1531
List the prime factors of 1754.
2, 877
List the prime factors of 9617.
59, 163
What are the prime factors of 5986?
2, 41, 73
List the prime factors of 13914.
2, 3, 773
What are the prime factors of 4365?
3, 5, 97
List the prime factors of 66670.
2, 5, 59, 113
List the prime factors of 5878.
2, 2939
What are the prime factors of 1489?
1489
What are the prime factors of 2988?
2, 3, 83
List the prime factors of 12842.
2, 6421
What are the prime factors of 569?
569
What are the prime factors of 9246?
2, 3, 23, 67
W